{"id":1910,"date":"2022-02-04T19:55:36","date_gmt":"2022-02-04T23:55:36","guid":{"rendered":"https:\/\/blog.yareborges.com\/?page_id=1910"},"modified":"2022-05-27T11:21:24","modified_gmt":"2022-05-27T15:21:24","slug":"catedras-nacionales","status":"publish","type":"page","link":"https:\/\/cenal.gob.ve\/?page_id=1910","title":{"rendered":"C\u00c1TEDRAS NACIONALES"},"content":{"rendered":"\t\t<div data-elementor-type=\"wp-page\" data-elementor-id=\"1910\" class=\"elementor elementor-1910\" data-elementor-settings=\"[]\">\n\t\t\t\t\t\t<div class=\"elementor-inner\">\n\t\t\t\t\t\t\t<div class=\"elementor-section-wrap\">\n\t\t\t\t\t\t\t<section class=\"elementor-section elementor-top-section elementor-element elementor-element-15f5d170 elementor-section-stretched elementor-section-boxed elementor-section-height-default elementor-section-height-default\" data-id=\"15f5d170\" data-element_type=\"section\" data-settings=\"{&quot;stretch_section&quot;:&quot;section-stretched&quot;,&quot;background_background&quot;:&quot;classic&quot;}\">\n\t\t\t\t\t\t\t<div class=\"elementor-background-overlay\"><\/div>\n\t\t\t\t\t\t\t<div class=\"elementor-container elementor-column-gap-default\">\n\t\t\t\t\t\t\t<div class=\"elementor-row\">\n\t\t\t\t\t<div class=\"elementor-column elementor-col-100 elementor-top-column elementor-element elementor-element-7572b353\" data-id=\"7572b353\" data-element_type=\"column\" data-settings=\"{&quot;background_background&quot;:&quot;classic&quot;}\">\n\t\t\t<div class=\"elementor-column-wrap elementor-element-populated\">\n\t\t\t\t\t\t\t<div class=\"elementor-widget-wrap\">\n\t\t\t\t\t\t<section class=\"elementor-section elementor-inner-section elementor-element elementor-element-48e0234b elementor-section-boxed elementor-section-height-default elementor-section-height-default\" data-id=\"48e0234b\" data-element_type=\"section\">\n\t\t\t\t\t\t<div class=\"elementor-container elementor-column-gap-default\">\n\t\t\t\t\t\t\t<div class=\"elementor-row\">\n\t\t\t\t\t<div class=\"elementor-column elementor-col-100 elementor-inner-column elementor-element elementor-element-3bdbe2d8\" data-id=\"3bdbe2d8\" data-element_type=\"column\" data-settings=\"{&quot;background_background&quot;:&quot;classic&quot;}\">\n\t\t\t<div class=\"elementor-column-wrap elementor-element-populated\">\n\t\t\t\t\t\t\t<div class=\"elementor-widget-wrap\">\n\t\t\t\t\t\t<div class=\"elementor-element elementor-element-3aaacd1a elementor-widget elementor-widget-heading\" data-id=\"3aaacd1a\" data-element_type=\"widget\" data-widget_type=\"heading.default\">\n\t\t\t\t<div class=\"elementor-widget-container\">\n\t\t\t<h2 class=\"elementor-heading-title elementor-size-default\">C\u00e1tedra de Literatura Venezolana\nCentro Nacional del Libro (CENAL)<\/h2>\t\t<\/div>\n\t\t\t\t<\/div>\n\t\t\t\t<div class=\"elementor-element elementor-element-78190e74 elementor-widget elementor-widget-text-editor\" data-id=\"78190e74\" data-element_type=\"widget\" data-widget_type=\"text-editor.default\">\n\t\t\t\t<div class=\"elementor-widget-container\">\n\t\t\t\t\t<div class=\"elementor-text-editor elementor-clearfix\"><p>La C\u00e1tedra de Literatura Venezolana tiene el prop\u00f3sito de impulsar la formaci\u00f3n, la creaci\u00f3n y el fomento de nuevos lectores y escritores en los g\u00e9neros de narraci\u00f3n, poes\u00eda y el ensayo literario. La premisa consiste en abrir nuevas posibilidades y herramientas en la ense\u00f1anza de la literatura desde las universidades en las cuales no se tiene formalmente Escuelas de Formaci\u00f3n Literaria o Letras.<\/p><p>A partir de la literatura cobra vida la verdad dentro de la ficci\u00f3n y la realidad se transforma en una invenci\u00f3n hacia el encuentro con la palabra y la experiencia de vida lectora individual se llevar\u00e1 a lo colectivo, siguiendo pautas establecidas y apoyadas con materiales bibliogr\u00e1ficos pertinentes a cada contexto hist\u00f3rico venezolano.<\/p><\/div>\n\t\t\t\t<\/div>\n\t\t\t\t<\/div>\n\t\t\t\t\t\t<\/div>\n\t\t\t\t\t<\/div>\n\t\t<\/div>\n\t\t\t\t\t\t\t\t<\/div>\n\t\t\t\t\t<\/div>\n\t\t<\/section>\n\t\t\t\t\t\t<\/div>\n\t\t\t\t\t<\/div>\n\t\t<\/div>\n\t\t\t\t\t\t\t\t<\/div>\n\t\t\t\t\t<\/div>\n\t\t<\/section>\n\t\t\t\t<section class=\"elementor-section elementor-top-section elementor-element elementor-element-7b135e3 elementor-section-boxed elementor-section-height-default elementor-section-height-default\" data-id=\"7b135e3\" data-element_type=\"section\">\n\t\t\t\t\t\t<div class=\"elementor-container elementor-column-gap-default\">\n\t\t\t\t\t\t\t<div class=\"elementor-row\">\n\t\t\t\t\t<div class=\"elementor-column elementor-col-100 elementor-top-column elementor-element elementor-element-9b80e7b\" data-id=\"9b80e7b\" data-element_type=\"column\">\n\t\t\t<div class=\"elementor-column-wrap elementor-element-populated\">\n\t\t\t\t\t\t\t<div class=\"elementor-widget-wrap\">\n\t\t\t\t\t\t<div class=\"elementor-element elementor-element-828f199 elementor-widget elementor-widget-heading\" data-id=\"828f199\" data-element_type=\"widget\" data-widget_type=\"heading.default\">\n\t\t\t\t<div class=\"elementor-widget-container\">\n\t\t\t<h2 class=\"elementor-heading-title elementor-size-default\">Justificaci\u00f3n<\/h2>\t\t<\/div>\n\t\t\t\t<\/div>\n\t\t\t\t<div class=\"elementor-element elementor-element-2b12d66 elementor-widget elementor-widget-text-editor\" data-id=\"2b12d66\" data-element_type=\"widget\" data-widget_type=\"text-editor.default\">\n\t\t\t\t<div class=\"elementor-widget-container\">\n\t\t\t\t\t<div class=\"elementor-text-editor elementor-clearfix\">El proyecto de la C\u00e1tedra de Literatura Venezolana consiste en abordar nuestra literatura, sus inicios y alcances\nhasta nuestros d\u00edas en los espacios universitarios nacionales, logrando as\u00ed la democratizaci\u00f3n de los recursos\ny facilitando al estudiante nuevas experiencias que permitir\u00e1n el acercamiento al libro y la lectura desde los\nescritores y escritoras de todas las \u00e9pocas literarias. La C\u00e1tedra est\u00e1 dise\u00f1ada en cuatro seminarios, impartidos\ncada uno con una metodolog\u00eda que aportar\u00e1 cada profesor invitado.<\/div>\n\t\t\t\t<\/div>\n\t\t\t\t<\/div>\n\t\t\t\t\t\t<\/div>\n\t\t\t\t\t<\/div>\n\t\t<\/div>\n\t\t\t\t\t\t\t\t<\/div>\n\t\t\t\t\t<\/div>\n\t\t<\/section>\n\t\t\t\t<section class=\"elementor-section elementor-top-section elementor-element elementor-element-89ec21b elementor-section-boxed elementor-section-height-default elementor-section-height-default\" data-id=\"89ec21b\" data-element_type=\"section\">\n\t\t\t\t\t\t<div class=\"elementor-container elementor-column-gap-default\">\n\t\t\t\t\t\t\t<div class=\"elementor-row\">\n\t\t\t\t\t<div class=\"elementor-column elementor-col-50 elementor-top-column elementor-element elementor-element-c9f5878\" data-id=\"c9f5878\" data-element_type=\"column\">\n\t\t\t<div class=\"elementor-column-wrap elementor-element-populated\">\n\t\t\t\t\t\t\t<div class=\"elementor-widget-wrap\">\n\t\t\t\t\t\t<div class=\"elementor-element elementor-element-8521705 elementor-widget elementor-widget-heading\" data-id=\"8521705\" data-element_type=\"widget\" data-widget_type=\"heading.default\">\n\t\t\t\t<div class=\"elementor-widget-container\">\n\t\t\t<h2 class=\"elementor-heading-title elementor-size-default\">Objetivo General<\/h2>\t\t<\/div>\n\t\t\t\t<\/div>\n\t\t\t\t<div class=\"elementor-element elementor-element-f0411c8 elementor-widget elementor-widget-text-editor\" data-id=\"f0411c8\" data-element_type=\"widget\" data-widget_type=\"text-editor.default\">\n\t\t\t\t<div class=\"elementor-widget-container\">\n\t\t\t\t\t<div class=\"elementor-text-editor elementor-clearfix\"><p><span style=\"font-weight: 400;\">Iniciar a los estudiantes universitarios en la C\u00e1tedra de Literatura Venezolana, bajo la idea de desarrollar la\u00a0 cr\u00edtica, el debate y la discusi\u00f3n reflexiva a partir del an\u00e1lisis de los textos y lecturas seleccionadas.<\/span><\/p><\/div>\n\t\t\t\t<\/div>\n\t\t\t\t<\/div>\n\t\t\t\t\t\t<\/div>\n\t\t\t\t\t<\/div>\n\t\t<\/div>\n\t\t\t\t<div class=\"elementor-column elementor-col-50 elementor-top-column elementor-element elementor-element-4586d28\" data-id=\"4586d28\" data-element_type=\"column\">\n\t\t\t<div class=\"elementor-column-wrap elementor-element-populated\">\n\t\t\t\t\t\t\t<div class=\"elementor-widget-wrap\">\n\t\t\t\t\t\t<div class=\"elementor-element elementor-element-7f65aac elementor-widget elementor-widget-heading\" data-id=\"7f65aac\" data-element_type=\"widget\" data-widget_type=\"heading.default\">\n\t\t\t\t<div class=\"elementor-widget-container\">\n\t\t\t<h2 class=\"elementor-heading-title elementor-size-default\">Objetivos Espec\u00edficos<\/h2>\t\t<\/div>\n\t\t\t\t<\/div>\n\t\t\t\t<div class=\"elementor-element elementor-element-e591e7b elementor-widget elementor-widget-text-editor\" data-id=\"e591e7b\" data-element_type=\"widget\" data-widget_type=\"text-editor.default\">\n\t\t\t\t<div class=\"elementor-widget-container\">\n\t\t\t\t\t<div class=\"elementor-text-editor elementor-clearfix\"><ul><li>Promover las obras literarias venezolanas y sus autores.<\/li><li>Apreciar el significado en los diferentes aspectos hist\u00f3ricos, sociales y literarios de los textos tratados.<\/li><li>Incentivar en los estudiantes a manifestar su gusto por un g\u00e9nero literario a trav\u00e9s de la creaci\u00f3n de textos.<\/li><li>Revisar una bibliograf\u00eda m\u00ednima sobre la literatura venezolana en su proceso hist\u00f3rico.<\/li><\/ul><\/div>\n\t\t\t\t<\/div>\n\t\t\t\t<\/div>\n\t\t\t\t\t\t<\/div>\n\t\t\t\t\t<\/div>\n\t\t<\/div>\n\t\t\t\t\t\t\t\t<\/div>\n\t\t\t\t\t<\/div>\n\t\t<\/section>\n\t\t\t\t<section class=\"elementor-section elementor-top-section elementor-element elementor-element-e4e3e05 elementor-section-boxed elementor-section-height-default elementor-section-height-default\" data-id=\"e4e3e05\" data-element_type=\"section\">\n\t\t\t\t\t\t<div class=\"elementor-container elementor-column-gap-default\">\n\t\t\t\t\t\t\t<div class=\"elementor-row\">\n\t\t\t\t\t<div class=\"elementor-column elementor-col-100 elementor-top-column elementor-element elementor-element-32de983\" data-id=\"32de983\" data-element_type=\"column\">\n\t\t\t<div class=\"elementor-column-wrap elementor-element-populated\">\n\t\t\t\t\t\t\t<div class=\"elementor-widget-wrap\">\n\t\t\t\t\t\t<div class=\"elementor-element elementor-element-eebe02f elementor-widget elementor-widget-text-editor\" data-id=\"eebe02f\" data-element_type=\"widget\" data-widget_type=\"text-editor.default\">\n\t\t\t\t<div class=\"elementor-widget-container\">\n\t\t\t\t\t<div class=\"elementor-text-editor elementor-clearfix\"><p><b>Dirigido a: <\/b><span style=\"font-weight: 400;\">&nbsp;estudiantes universitarios, docentes, empleados y comunidad.&nbsp;<\/span><\/p>\n<p><b>Matr\u00edcula: <\/b><span style=\"font-weight: 400;\">15&nbsp; participantes como&nbsp; m\u00ednimo.&nbsp;<\/span><\/p>\n<p><b>Duraci\u00f3n:<\/b><span style=\"font-weight: 400;\"> 40 horas acad\u00e9micas.<\/span><\/p>\n<p><b>Sesiones:<\/b><span style=\"font-weight: 400;\">Cada tema est\u00e1 estructurado para dictarse en diez&nbsp; (10) horas acad\u00e9micas, y&nbsp; se pueden trabajar en sesiones de dos o tres d\u00edas&nbsp; a la semana.<\/span><\/p>\n<p><b>Metodolog\u00eda:<\/b><span style=\"font-weight: 400;\"> Lectura y comentario de textos.<\/span><\/p>\n<p><span style=\"font-weight: 400;\">&nbsp; &nbsp; &nbsp; &nbsp; &nbsp; &nbsp; &nbsp; &nbsp; &nbsp; &nbsp; &nbsp; &nbsp; &nbsp; &nbsp;Discusi\u00f3n e interpretaci\u00f3n.<\/span><\/p>\n<p><span style=\"font-weight: 400;\">&nbsp; &nbsp; &nbsp; &nbsp; &nbsp; &nbsp; &nbsp; &nbsp; &nbsp; &nbsp; &nbsp; &nbsp; &nbsp; &nbsp;Referente hist\u00f3rico.<\/span><\/p>\n<p><b>Horario:&nbsp; <\/b><span style=\"font-weight: 400;\">el<\/span> <span style=\"font-weight: 400;\">determinado&nbsp; por&nbsp; la coordinaci\u00f3n acad\u00e9mica de la instituci\u00f3n.&nbsp;<\/span><\/p>\n<p><b>Programa<\/b><\/p>\n<p><span style=\"font-weight: 400;\">El programa que se presenta es generador tem\u00e1tico y orientador en relaci\u00f3n a un panorama de la literatura venezolana que&nbsp; condensa&nbsp; la C\u00e1tedra de Literatura Venezolana. En funci\u00f3n al&nbsp; mismo, cada docente invitado\/a deber\u00e1 enviar su planificaci\u00f3n espec\u00edfica a trabajar en la semana que le corresponda, as\u00ed como la bibliograf\u00eda recomendada y metodolog\u00eda.<\/span><\/p>\n<p><b>1.- Los inicios&nbsp;<\/b><\/p>\n<p><span style=\"font-weight: 400;\">&nbsp;La literatura ind\u00edgena. La literatura de la Colonia, la influencia europea. Los inicios de la Rep\u00fablica: Sim\u00f3n Rodr\u00edguez, Andr\u00e9s Bello, Rafael Mar\u00eda Baralt y Juan Vicente Gonz\u00e1lez.<\/span><\/p>\n<p><span style=\"font-weight: 400;\">Movimiento: El Romanticismo, Juan&nbsp; Antonio P\u00e9rez Bonalde.<\/span><\/p>\n<p><b>&nbsp;2.-<\/b> <b>Los nuevos ideales<\/b><\/p>\n<p><span style=\"font-weight: 400;\">&nbsp;Modernismo y literatura venezolana. Manuel Vicente Romero Garc\u00eda, Francisco Lazo Mart\u00ed, Manuel D\u00edaz Rodr\u00edguez, Rufino Blanco Fombona, Jos\u00e9 Rafael Pocaterra. Las Revistas literarias.Movimiento: El Criollismo.<\/span><\/p>\n<p><b>&nbsp;3.- Las vanguardias generacionales en Venezuela<\/b><\/p>\n<p><span style=\"font-weight: 400;\">La prosa po\u00e9tica de Jos\u00e9 Antonio Ramos Sucre. La Alborada, 1918. Antonio Arra\u00edz.&nbsp; \u00c1spero. Generaci\u00f3n del 28,&nbsp; la Revista V\u00e1lvula. Generaci\u00f3n del 36. El Grupo Viernes, 1938, El Techo de la Ballena y la Generaci\u00f3n del Sesenta.<\/span><\/p>\n<p><b>&nbsp;4.- La literatura venezolana contempor\u00e1nea<\/b><\/p>\n<p><span style=\"font-weight: 400;\">&nbsp;De la narrativa de Julio Garmendia a Uslar Pietri. Enrique Bernando N\u00fa\u00f1ez,Guillermo Meneses, Luis Britto Garc\u00eda y Salvador Garmendia. La poes\u00eda de Juan Liscano, Juan S\u00e1nchez Pel\u00e1ez, Ram\u00f3n Palomares, Miy\u00f3 Vestrini, Elizabeth Sch\u00f6n, Ana Enriqueta Ter\u00e1n, Antonia Palacios, Ida Gramcko, Gustavo Pereira, Eugenio Montejo, V\u00edctor Valera Mora, entre otros.<\/span><\/p><\/div>\n\t\t\t\t<\/div>\n\t\t\t\t<\/div>\n\t\t\t\t\t\t<\/div>\n\t\t\t\t\t<\/div>\n\t\t<\/div>\n\t\t\t\t\t\t\t\t<\/div>\n\t\t\t\t\t<\/div>\n\t\t<\/section>\n\t\t\t\t\t\t<\/div>\n\t\t\t\t\t\t<\/div>\n\t\t\t\t\t<\/div>\n\t\t","protected":false},"excerpt":{"rendered":"<p>C\u00e1tedra de Literatura Venezolana Centro Nacional del Libro (CENAL) La C\u00e1tedra de Literatura Venezolana tiene el prop\u00f3sito de impulsar la formaci\u00f3n, la creaci\u00f3n y el fomento de nuevos lectores y [&hellip;]<\/p>\n","protected":false},"author":9,"featured_media":0,"parent":0,"menu_order":0,"comment_status":"closed","ping_status":"closed","template":"elementor_header_footer","meta":{"spay_email":""},"yoast_head":"<!-- This site is optimized with the Yoast SEO plugin v19.8 - https:\/\/yoast.com\/wordpress\/plugins\/seo\/ -->\n<title>C\u00c1TEDRAS NACIONALES<\/title>\n<meta name=\"robots\" content=\"index, follow, max-snippet:-1, max-image-preview:large, max-video-preview:-1\" \/>\n<link rel=\"canonical\" href=\"https:\/\/cenal.gob.ve\/?page_id=1910\" \/>\n<meta property=\"og:locale\" content=\"es_ES\" \/>\n<meta property=\"og:type\" content=\"article\" \/>\n<meta property=\"og:title\" content=\"C\u00c1TEDRAS NACIONALES\" \/>\n<meta property=\"og:description\" content=\"C\u00e1tedra de Literatura Venezolana Centro Nacional del Libro (CENAL) La C\u00e1tedra de Literatura Venezolana tiene el prop\u00f3sito de impulsar la formaci\u00f3n, la creaci\u00f3n y el fomento de nuevos lectores y [&hellip;]\" \/>\n<meta property=\"og:url\" content=\"https:\/\/cenal.gob.ve\/?page_id=1910\" \/>\n<meta property=\"og:site_name\" content=\"Cenal\" \/>\n<meta property=\"article:modified_time\" content=\"2022-05-27T15:21:24+00:00\" \/>\n<meta name=\"twitter:card\" content=\"summary_large_image\" \/>\n<meta name=\"twitter:label1\" content=\"Est. reading time\" \/>\n\t<meta name=\"twitter:data1\" content=\"4 minutos\" \/>\n<script type=\"application\/ld+json\" class=\"yoast-schema-graph\">{\"@context\":\"https:\/\/schema.org\",\"@graph\":[{\"@type\":\"WebPage\",\"@id\":\"https:\/\/cenal.gob.ve\/?page_id=1910\",\"url\":\"https:\/\/cenal.gob.ve\/?page_id=1910\",\"name\":\"C\u00c1TEDRAS NACIONALES\",\"isPartOf\":{\"@id\":\"https:\/\/cenal.gob.ve\/#website\"},\"datePublished\":\"2022-02-04T23:55:36+00:00\",\"dateModified\":\"2022-05-27T15:21:24+00:00\",\"breadcrumb\":{\"@id\":\"https:\/\/cenal.gob.ve\/?page_id=1910#breadcrumb\"},\"inLanguage\":\"es\",\"potentialAction\":[{\"@type\":\"ReadAction\",\"target\":[\"https:\/\/cenal.gob.ve\/?page_id=1910\"]}]},{\"@type\":\"BreadcrumbList\",\"@id\":\"https:\/\/cenal.gob.ve\/?page_id=1910#breadcrumb\",\"itemListElement\":[{\"@type\":\"ListItem\",\"position\":1,\"name\":\"Home\",\"item\":\"https:\/\/cenal.gob.ve\/\"},{\"@type\":\"ListItem\",\"position\":2,\"name\":\"C\u00c1TEDRAS NACIONALES\"}]},{\"@type\":\"WebSite\",\"@id\":\"https:\/\/cenal.gob.ve\/#website\",\"url\":\"https:\/\/cenal.gob.ve\/\",\"name\":\"Cenal\",\"description\":\"\",\"publisher\":{\"@id\":\"https:\/\/cenal.gob.ve\/#organization\"},\"potentialAction\":[{\"@type\":\"SearchAction\",\"target\":{\"@type\":\"EntryPoint\",\"urlTemplate\":\"https:\/\/cenal.gob.ve\/?s={search_term_string}\"},\"query-input\":\"required name=search_term_string\"}],\"inLanguage\":\"es\"},{\"@type\":\"Organization\",\"@id\":\"https:\/\/cenal.gob.ve\/#organization\",\"name\":\"CENAL\",\"url\":\"https:\/\/cenal.gob.ve\/\",\"sameAs\":[],\"logo\":{\"@type\":\"ImageObject\",\"inLanguage\":\"es\",\"@id\":\"https:\/\/cenal.gob.ve\/#\/schema\/logo\/image\/\",\"url\":\"https:\/\/i0.wp.com\/cenal.gob.ve\/wp-content\/uploads\/2022\/10\/cropped-images.jpg?fit=512%2C512\",\"contentUrl\":\"https:\/\/i0.wp.com\/cenal.gob.ve\/wp-content\/uploads\/2022\/10\/cropped-images.jpg?fit=512%2C512\",\"width\":512,\"height\":512,\"caption\":\"CENAL\"},\"image\":{\"@id\":\"https:\/\/cenal.gob.ve\/#\/schema\/logo\/image\/\"}}]}<\/script>\n<!-- \/ Yoast SEO plugin. -->","yoast_head_json":{"title":"C\u00c1TEDRAS NACIONALES","robots":{"index":"index","follow":"follow","max-snippet":"max-snippet:-1","max-image-preview":"max-image-preview:large","max-video-preview":"max-video-preview:-1"},"canonical":"https:\/\/cenal.gob.ve\/?page_id=1910","og_locale":"es_ES","og_type":"article","og_title":"C\u00c1TEDRAS NACIONALES","og_description":"C\u00e1tedra de Literatura Venezolana Centro Nacional del Libro (CENAL) La C\u00e1tedra de Literatura Venezolana tiene el prop\u00f3sito de impulsar la formaci\u00f3n, la creaci\u00f3n y el fomento de nuevos lectores y [&hellip;]","og_url":"https:\/\/cenal.gob.ve\/?page_id=1910","og_site_name":"Cenal","article_modified_time":"2022-05-27T15:21:24+00:00","twitter_card":"summary_large_image","twitter_misc":{"Est. reading time":"4 minutos"},"schema":{"@context":"https:\/\/schema.org","@graph":[{"@type":"WebPage","@id":"https:\/\/cenal.gob.ve\/?page_id=1910","url":"https:\/\/cenal.gob.ve\/?page_id=1910","name":"C\u00c1TEDRAS NACIONALES","isPartOf":{"@id":"https:\/\/cenal.gob.ve\/#website"},"datePublished":"2022-02-04T23:55:36+00:00","dateModified":"2022-05-27T15:21:24+00:00","breadcrumb":{"@id":"https:\/\/cenal.gob.ve\/?page_id=1910#breadcrumb"},"inLanguage":"es","potentialAction":[{"@type":"ReadAction","target":["https:\/\/cenal.gob.ve\/?page_id=1910"]}]},{"@type":"BreadcrumbList","@id":"https:\/\/cenal.gob.ve\/?page_id=1910#breadcrumb","itemListElement":[{"@type":"ListItem","position":1,"name":"Home","item":"https:\/\/cenal.gob.ve\/"},{"@type":"ListItem","position":2,"name":"C\u00c1TEDRAS NACIONALES"}]},{"@type":"WebSite","@id":"https:\/\/cenal.gob.ve\/#website","url":"https:\/\/cenal.gob.ve\/","name":"Cenal","description":"","publisher":{"@id":"https:\/\/cenal.gob.ve\/#organization"},"potentialAction":[{"@type":"SearchAction","target":{"@type":"EntryPoint","urlTemplate":"https:\/\/cenal.gob.ve\/?s={search_term_string}"},"query-input":"required name=search_term_string"}],"inLanguage":"es"},{"@type":"Organization","@id":"https:\/\/cenal.gob.ve\/#organization","name":"CENAL","url":"https:\/\/cenal.gob.ve\/","sameAs":[],"logo":{"@type":"ImageObject","inLanguage":"es","@id":"https:\/\/cenal.gob.ve\/#\/schema\/logo\/image\/","url":"https:\/\/i0.wp.com\/cenal.gob.ve\/wp-content\/uploads\/2022\/10\/cropped-images.jpg?fit=512%2C512","contentUrl":"https:\/\/i0.wp.com\/cenal.gob.ve\/wp-content\/uploads\/2022\/10\/cropped-images.jpg?fit=512%2C512","width":512,"height":512,"caption":"CENAL"},"image":{"@id":"https:\/\/cenal.gob.ve\/#\/schema\/logo\/image\/"}}]}},"jetpack_shortlink":"https:\/\/wp.me\/P5FMhp-uO","_links":{"self":[{"href":"https:\/\/cenal.gob.ve\/index.php?rest_route=\/wp\/v2\/pages\/1910"}],"collection":[{"href":"https:\/\/cenal.gob.ve\/index.php?rest_route=\/wp\/v2\/pages"}],"about":[{"href":"https:\/\/cenal.gob.ve\/index.php?rest_route=\/wp\/v2\/types\/page"}],"author":[{"embeddable":true,"href":"https:\/\/cenal.gob.ve\/index.php?rest_route=\/wp\/v2\/users\/9"}],"replies":[{"embeddable":true,"href":"https:\/\/cenal.gob.ve\/index.php?rest_route=%2Fwp%2Fv2%2Fcomments&post=1910"}],"version-history":[{"count":5,"href":"https:\/\/cenal.gob.ve\/index.php?rest_route=\/wp\/v2\/pages\/1910\/revisions"}],"predecessor-version":[{"id":26675,"href":"https:\/\/cenal.gob.ve\/index.php?rest_route=\/wp\/v2\/pages\/1910\/revisions\/26675"}],"wp:attachment":[{"href":"https:\/\/cenal.gob.ve\/index.php?rest_route=%2Fwp%2Fv2%2Fmedia&parent=1910"}],"curies":[{"name":"wp","href":"https:\/\/api.w.org\/{rel}","templated":true}]}}