{"id":24303,"date":"2024-05-23T16:13:45","date_gmt":"2024-05-23T20:13:45","guid":{"rendered":"http:\/\/cenal.gob.ve\/?page_id=24303"},"modified":"2024-08-07T11:31:20","modified_gmt":"2024-08-07T15:31:20","slug":"ii-bienal-nacional-de-literatura-apacuana","status":"publish","type":"page","link":"https:\/\/cenal.gob.ve\/?page_id=24303","title":{"rendered":"II Bienal Nacional de Literatura Apacuana"},"content":{"rendered":"\n<p><strong>Bases<\/strong><br><\/p>\n\n\n\n<p>El Ministerio del Poder Popular para la Cultura, a trav\u00e9s de la Compa\u00f1\u00eda Nacional de Teatro (CNT) y el Centro Nacional del Libro (Cenal) anuncian la convocatoria a la II Bienal Nacional de Literatura Apacuana. Dramaturgia 2024 a partir de la publicaci\u00f3n de las siguientes bases:<br>La tem\u00e1tica es libre.<\/p>\n\n\n\n<p><br>Podr\u00e1n participar autores venezolanos y extranjeros residenciados en la Rep\u00fablica Bolivariana de Venezuela, con una sola obra de teatro in\u00e9dita y original, que no haya sido galardonada en otros concursos ni escenificada anteriormente ni dentro ni fuera del territorio nacional. Obra de teatro cuyos derechos de autor no est\u00e9n comprometidos con terceros ni en otros concursos.<\/p>\n\n\n\n<p><br>No podr\u00e1n participar ganadores de las ediciones anteriores, miembros directivos, coordinadores, personal administrativo del Cenal y la CNT ni sus familiares, as\u00ed como tampoco las personas vinculadas con el proceso de evaluaci\u00f3n.<\/p>\n\n\n\n<p><strong>PRESENTACI\u00d3N DE LAS OBRAS DE TEATRO<\/strong><br>Escritas en castellano. Extensi\u00f3n m\u00ednima de 45 cuartillas y m\u00e1xima de 60 cuartillas, en hoja tama\u00f1o carta. En el encabezado del texto colocar el t\u00edtulo firmado con seud\u00f3nimo, en formato Word, letra Arial a 12 puntos, con interlineado de 1,5.<br>Las obras ser\u00e1n recibidas en la pr\u00f3rroga del 17 de agosto al 20 de octubre de 2024, \u00fanicamente por el correo electr\u00f3nico oficial: apacuana.cnt@gmail.com<\/p>\n\n\n\n<p><strong>INSCRIPCI\u00d3N Y DOCUMENTACI\u00d3N<\/strong><br>Enviar al correo electr\u00f3nico oficial, junto a la obra de teatro, la siguiente documentaci\u00f3n: Fotocopia de la c\u00e9dula de identidad o pasaporte, RIF actualizado, fotograf\u00eda actualizada en formato JPG. Planilla de Inscripci\u00f3n y Planilla de Declaraci\u00f3n Jurada de Aceptaci\u00f3n de las Bases de la II Bienal Nacional de Literatura Apacuana. Dramaturgia 2024. Las dos planillas deben ser llenadas en su totalidad en formatos descargables de la p\u00e1gina web CNT: http:\/\/cnt.gob.ve<br>La CNT enviar\u00e1 por el correo electr\u00f3nico oficial acuse de recibo confirmando la recepci\u00f3n de la obra teatral y documentos solicitados. De no recibir el acuse, la instituci\u00f3n no se har\u00e1 responsable de alg\u00fan reclamo. Las obras enviadas, deber\u00e1n tener en el correo electr\u00f3nico la fecha de la convocatoria registrada como l\u00edmite.<\/p>\n\n\n\n<p><strong>JURADO<\/strong><br>El jurado estar\u00e1 constituido por tres (3) especialistas de las artes esc\u00e9nicas, seleccionados por la Compa\u00f1\u00eda Nacional de Teatro. La decisi\u00f3n del Jurado se adoptar\u00e1 por mayor\u00eda simple y ser\u00e1 inapelable. No habr\u00e1 premios honor\u00edficos ni menciones especiales. El premio no podr\u00e1 ser declarado desierto ni podr\u00e1 ser compartido. El veredicto ser\u00e1 publicado en la p\u00e1gina web del Cenal: http:\/\/www.cenal.gob.ve<\/p>\n\n\n\n<p><strong>PREMIO<\/strong><br>Se establece como premio un pago \u00fanico en met\u00e1lico de 100.000 bol\u00edvares, otorgados por el Centro Nacional del Libro, Diploma (Cenal\/CNT) y publicaci\u00f3n (impresa y digital) de Monte \u00c1vila Editores Latinoamericana despu\u00e9s de sujeta la obra ganadora a revisi\u00f3n y montaje por la Compa\u00f1\u00eda Nacional de Teatro el a\u00f1o continuo a la celebraci\u00f3n de la bienal. La obra no percibir\u00e1 pago extra de derechos de autor por las representaciones que se realicen, considerando el premio de esta bienal como pago por este concepto.<\/p>\n\n\n\n<p><strong>SOBRE LA PUBLICACI\u00d3N<\/strong><br>Se entiende que el ganador o ganadora de la bienal, por el simple hecho de concursar, autoriza la publicaci\u00f3n de la obra y ceder\u00e1 a la Compa\u00f1\u00eda Nacional de Teatro (CNT) gratuitamente los derechos de autor correspondientes a la primera edici\u00f3n, autorizando la reproducci\u00f3n total o parcial del texto dram\u00e1tico ganador y en cualquier medio de comunicaci\u00f3n, memoria o publicaci\u00f3n que se edite para dar difusi\u00f3n de esta bienal.<\/p>\n\n\n\n<p><br>El premio recibido ser\u00e1 considerado como pago de derechos de publicaci\u00f3n de la obra y el autor o autora estar\u00e1 obligado a entregar y firmar toda la documentaci\u00f3n requerida al caso. El autor o autora dar\u00e1 su consentimiento para la utilizaci\u00f3n de su nombre con fines de promoci\u00f3n y de difusi\u00f3n de esta bienal.<\/p>\n\n\n\n<p><strong>BASE FINAL<\/strong><br>Lo no previsto en la presente convocatoria ser\u00e1 resuelto a criterio del jurado. La participaci\u00f3n en este concurso es libre y gratuita, y supone el conocimiento y aceptaci\u00f3n de las bases. Las consultas relativas a esta bienal se recibir\u00e1n \u00fanicamente a trav\u00e9s del correo electr\u00f3nico oficial indicando como asunto: consulta BienalApacuana2024<\/p>\n","protected":false},"excerpt":{"rendered":"<p>Bases El Ministerio del Poder Popular para la Cultura, a trav\u00e9s de la Compa\u00f1\u00eda Nacional de Teatro (CNT) y el Centro Nacional del Libro (Cenal) anuncian la convocatoria a la [&hellip;]<\/p>\n","protected":false},"author":10,"featured_media":0,"parent":0,"menu_order":0,"comment_status":"closed","ping_status":"closed","template":"","meta":{"spay_email":""},"yoast_head":"<!-- This site is optimized with the Yoast SEO plugin v19.8 - https:\/\/yoast.com\/wordpress\/plugins\/seo\/ -->\n<title>II Bienal Nacional de Literatura Apacuana<\/title>\n<meta name=\"robots\" content=\"index, follow, max-snippet:-1, max-image-preview:large, max-video-preview:-1\" \/>\n<link rel=\"canonical\" href=\"https:\/\/cenal.gob.ve\/?page_id=24303\" \/>\n<meta property=\"og:locale\" content=\"es_ES\" \/>\n<meta property=\"og:type\" content=\"article\" \/>\n<meta property=\"og:title\" content=\"II Bienal Nacional de Literatura Apacuana\" \/>\n<meta property=\"og:description\" content=\"Bases El Ministerio del Poder Popular para la Cultura, a trav\u00e9s de la Compa\u00f1\u00eda Nacional de Teatro (CNT) y el Centro Nacional del Libro (Cenal) anuncian la convocatoria a la [&hellip;]\" \/>\n<meta property=\"og:url\" content=\"https:\/\/cenal.gob.ve\/?page_id=24303\" \/>\n<meta property=\"og:site_name\" content=\"Cenal\" \/>\n<meta property=\"article:modified_time\" content=\"2024-08-07T15:31:20+00:00\" \/>\n<meta name=\"twitter:card\" content=\"summary_large_image\" \/>\n<meta name=\"twitter:label1\" content=\"Est. reading time\" \/>\n\t<meta name=\"twitter:data1\" content=\"4 minutos\" \/>\n<script type=\"application\/ld+json\" class=\"yoast-schema-graph\">{\"@context\":\"https:\/\/schema.org\",\"@graph\":[{\"@type\":\"WebPage\",\"@id\":\"https:\/\/cenal.gob.ve\/?page_id=24303\",\"url\":\"https:\/\/cenal.gob.ve\/?page_id=24303\",\"name\":\"II Bienal Nacional de Literatura Apacuana\",\"isPartOf\":{\"@id\":\"https:\/\/cenal.gob.ve\/#website\"},\"datePublished\":\"2024-05-23T20:13:45+00:00\",\"dateModified\":\"2024-08-07T15:31:20+00:00\",\"breadcrumb\":{\"@id\":\"https:\/\/cenal.gob.ve\/?page_id=24303#breadcrumb\"},\"inLanguage\":\"es\",\"potentialAction\":[{\"@type\":\"ReadAction\",\"target\":[\"https:\/\/cenal.gob.ve\/?page_id=24303\"]}]},{\"@type\":\"BreadcrumbList\",\"@id\":\"https:\/\/cenal.gob.ve\/?page_id=24303#breadcrumb\",\"itemListElement\":[{\"@type\":\"ListItem\",\"position\":1,\"name\":\"Home\",\"item\":\"https:\/\/cenal.gob.ve\/\"},{\"@type\":\"ListItem\",\"position\":2,\"name\":\"II Bienal Nacional de Literatura Apacuana\"}]},{\"@type\":\"WebSite\",\"@id\":\"https:\/\/cenal.gob.ve\/#website\",\"url\":\"https:\/\/cenal.gob.ve\/\",\"name\":\"Cenal\",\"description\":\"\",\"publisher\":{\"@id\":\"https:\/\/cenal.gob.ve\/#organization\"},\"potentialAction\":[{\"@type\":\"SearchAction\",\"target\":{\"@type\":\"EntryPoint\",\"urlTemplate\":\"https:\/\/cenal.gob.ve\/?s={search_term_string}\"},\"query-input\":\"required name=search_term_string\"}],\"inLanguage\":\"es\"},{\"@type\":\"Organization\",\"@id\":\"https:\/\/cenal.gob.ve\/#organization\",\"name\":\"CENAL\",\"url\":\"https:\/\/cenal.gob.ve\/\",\"sameAs\":[],\"logo\":{\"@type\":\"ImageObject\",\"inLanguage\":\"es\",\"@id\":\"https:\/\/cenal.gob.ve\/#\/schema\/logo\/image\/\",\"url\":\"https:\/\/i0.wp.com\/cenal.gob.ve\/wp-content\/uploads\/2022\/10\/cropped-images.jpg?fit=512%2C512\",\"contentUrl\":\"https:\/\/i0.wp.com\/cenal.gob.ve\/wp-content\/uploads\/2022\/10\/cropped-images.jpg?fit=512%2C512\",\"width\":512,\"height\":512,\"caption\":\"CENAL\"},\"image\":{\"@id\":\"https:\/\/cenal.gob.ve\/#\/schema\/logo\/image\/\"}}]}<\/script>\n<!-- \/ Yoast SEO plugin. -->","yoast_head_json":{"title":"II Bienal Nacional de Literatura Apacuana","robots":{"index":"index","follow":"follow","max-snippet":"max-snippet:-1","max-image-preview":"max-image-preview:large","max-video-preview":"max-video-preview:-1"},"canonical":"https:\/\/cenal.gob.ve\/?page_id=24303","og_locale":"es_ES","og_type":"article","og_title":"II Bienal Nacional de Literatura Apacuana","og_description":"Bases El Ministerio del Poder Popular para la Cultura, a trav\u00e9s de la Compa\u00f1\u00eda Nacional de Teatro (CNT) y el Centro Nacional del Libro (Cenal) anuncian la convocatoria a la [&hellip;]","og_url":"https:\/\/cenal.gob.ve\/?page_id=24303","og_site_name":"Cenal","article_modified_time":"2024-08-07T15:31:20+00:00","twitter_card":"summary_large_image","twitter_misc":{"Est. reading time":"4 minutos"},"schema":{"@context":"https:\/\/schema.org","@graph":[{"@type":"WebPage","@id":"https:\/\/cenal.gob.ve\/?page_id=24303","url":"https:\/\/cenal.gob.ve\/?page_id=24303","name":"II Bienal Nacional de Literatura Apacuana","isPartOf":{"@id":"https:\/\/cenal.gob.ve\/#website"},"datePublished":"2024-05-23T20:13:45+00:00","dateModified":"2024-08-07T15:31:20+00:00","breadcrumb":{"@id":"https:\/\/cenal.gob.ve\/?page_id=24303#breadcrumb"},"inLanguage":"es","potentialAction":[{"@type":"ReadAction","target":["https:\/\/cenal.gob.ve\/?page_id=24303"]}]},{"@type":"BreadcrumbList","@id":"https:\/\/cenal.gob.ve\/?page_id=24303#breadcrumb","itemListElement":[{"@type":"ListItem","position":1,"name":"Home","item":"https:\/\/cenal.gob.ve\/"},{"@type":"ListItem","position":2,"name":"II Bienal Nacional de Literatura Apacuana"}]},{"@type":"WebSite","@id":"https:\/\/cenal.gob.ve\/#website","url":"https:\/\/cenal.gob.ve\/","name":"Cenal","description":"","publisher":{"@id":"https:\/\/cenal.gob.ve\/#organization"},"potentialAction":[{"@type":"SearchAction","target":{"@type":"EntryPoint","urlTemplate":"https:\/\/cenal.gob.ve\/?s={search_term_string}"},"query-input":"required name=search_term_string"}],"inLanguage":"es"},{"@type":"Organization","@id":"https:\/\/cenal.gob.ve\/#organization","name":"CENAL","url":"https:\/\/cenal.gob.ve\/","sameAs":[],"logo":{"@type":"ImageObject","inLanguage":"es","@id":"https:\/\/cenal.gob.ve\/#\/schema\/logo\/image\/","url":"https:\/\/i0.wp.com\/cenal.gob.ve\/wp-content\/uploads\/2022\/10\/cropped-images.jpg?fit=512%2C512","contentUrl":"https:\/\/i0.wp.com\/cenal.gob.ve\/wp-content\/uploads\/2022\/10\/cropped-images.jpg?fit=512%2C512","width":512,"height":512,"caption":"CENAL"},"image":{"@id":"https:\/\/cenal.gob.ve\/#\/schema\/logo\/image\/"}}]}},"jetpack_shortlink":"https:\/\/wp.me\/P5FMhp-6jZ","_links":{"self":[{"href":"https:\/\/cenal.gob.ve\/index.php?rest_route=\/wp\/v2\/pages\/24303"}],"collection":[{"href":"https:\/\/cenal.gob.ve\/index.php?rest_route=\/wp\/v2\/pages"}],"about":[{"href":"https:\/\/cenal.gob.ve\/index.php?rest_route=\/wp\/v2\/types\/page"}],"author":[{"embeddable":true,"href":"https:\/\/cenal.gob.ve\/index.php?rest_route=\/wp\/v2\/users\/10"}],"replies":[{"embeddable":true,"href":"https:\/\/cenal.gob.ve\/index.php?rest_route=%2Fwp%2Fv2%2Fcomments&post=24303"}],"version-history":[{"count":3,"href":"https:\/\/cenal.gob.ve\/index.php?rest_route=\/wp\/v2\/pages\/24303\/revisions"}],"predecessor-version":[{"id":24530,"href":"https:\/\/cenal.gob.ve\/index.php?rest_route=\/wp\/v2\/pages\/24303\/revisions\/24530"}],"wp:attachment":[{"href":"https:\/\/cenal.gob.ve\/index.php?rest_route=%2Fwp%2Fv2%2Fmedia&parent=24303"}],"curies":[{"name":"wp","href":"https:\/\/api.w.org\/{rel}","templated":true}]}}

<p><strong>Bases</strong><br></p>



<p>El Ministerio del Poder Popular para la Cultura, a través de la Compañía Nacional de Teatro (CNT) y el Centro Nacional del Libro (Cenal) anuncian la convocatoria a la II Bienal Nacional de Literatura Apacuana. Dramaturgia 2024 a partir de la publicación de las siguientes bases:<br>La temática es libre.</p>



<p><br>Podrán participar autores venezolanos y extranjeros residenciados en la República Bolivariana de Venezuela, con una sola obra de teatro inédita y original, que no haya sido galardonada en otros concursos ni escenificada anteriormente ni dentro ni fuera del territorio nacional. Obra de teatro cuyos derechos de autor no estén comprometidos con terceros ni en otros concursos.</p>



<p><br>No podrán participar ganadores de las ediciones anteriores, miembros directivos, coordinadores, personal administrativo del Cenal y la CNT ni sus familiares, así como tampoco las personas vinculadas con el proceso de evaluación.</p>



<p><strong>PRESENTACIÓN DE LAS OBRAS DE TEATRO</strong><br>Escritas en castellano. Extensión mínima de 45 cuartillas y máxima de 60 cuartillas, en hoja tamaño carta. En el encabezado del texto colocar el título firmado con seudónimo, en formato Word, letra Arial a 12 puntos, con interlineado de 1,5.<br>Las obras serán recibidas en la prórroga del 17 de agosto al 20 de octubre de 2024, únicamente por el correo electrónico oficial: apacuana.cnt@gmail.com</p>



<p><strong>INSCRIPCIÓN Y DOCUMENTACIÓN</strong><br>Enviar al correo electrónico oficial, junto a la obra de teatro, la siguiente documentación: Fotocopia de la cédula de identidad o pasaporte, RIF actualizado, fotografía actualizada en formato JPG. Planilla de Inscripción y Planilla de Declaración Jurada de Aceptación de las Bases de la II Bienal Nacional de Literatura Apacuana. Dramaturgia 2024. Las dos planillas deben ser llenadas en su totalidad en formatos descargables de la página web CNT: http://cnt.gob.ve<br>La CNT enviará por el correo electrónico oficial acuse de recibo confirmando la recepción de la obra teatral y documentos solicitados. De no recibir el acuse, la institución no se hará responsable de algún reclamo. Las obras enviadas, deberán tener en el correo electrónico la fecha de la convocatoria registrada como límite.</p>



<p><strong>JURADO</strong><br>El jurado estará constituido por tres (3) especialistas de las artes escénicas, seleccionados por la Compañía Nacional de Teatro. La decisión del Jurado se adoptará por mayoría simple y será inapelable. No habrá premios honoríficos ni menciones especiales. El premio no podrá ser declarado desierto ni podrá ser compartido. El veredicto será publicado en la página web del Cenal: http://www.cenal.gob.ve</p>



<p><strong>PREMIO</strong><br>Se establece como premio un pago único en metálico de 100.000 bolívares, otorgados por el Centro Nacional del Libro, Diploma (Cenal/CNT) y publicación (impresa y digital) de Monte Ávila Editores Latinoamericana después de sujeta la obra ganadora a revisión y montaje por la Compañía Nacional de Teatro el año continuo a la celebración de la bienal. La obra no percibirá pago extra de derechos de autor por las representaciones que se realicen, considerando el premio de esta bienal como pago por este concepto.</p>



<p><strong>SOBRE LA PUBLICACIÓN</strong><br>Se entiende que el ganador o ganadora de la bienal, por el simple hecho de concursar, autoriza la publicación de la obra y cederá a la Compañía Nacional de Teatro (CNT) gratuitamente los derechos de autor correspondientes a la primera edición, autorizando la reproducción total o parcial del texto dramático ganador y en cualquier medio de comunicación, memoria o publicación que se edite para dar difusión de esta bienal.</p>



<p><br>El premio recibido será considerado como pago de derechos de publicación de la obra y el autor o autora estará obligado a entregar y firmar toda la documentación requerida al caso. El autor o autora dará su consentimiento para la utilización de su nombre con fines de promoción y de difusión de esta bienal.</p>



<p><strong>BASE FINAL</strong><br>Lo no previsto en la presente convocatoria será resuelto a criterio del jurado. La participación en este concurso es libre y gratuita, y supone el conocimiento y aceptación de las bases. Las consultas relativas a esta bienal se recibirán únicamente a través del correo electrónico oficial indicando como asunto: consulta BienalApacuana2024</p>

<p>Bases El Ministerio del Poder Popular para la Cultura, a través de la Compañía Nacional de Teatro (CNT) y el Centro Nacional del Libro (Cenal) anuncian la convocatoria a la [&hellip;]</p>

<!-- This site is optimized with the Yoast SEO plugin v19.8 - https://yoast.com/wordpress/plugins/seo/ -->
<title>II Bienal Nacional de Literatura Apacuana</title>
<meta name="robots" content="index, follow, max-snippet:-1, max-image-preview:large, max-video-preview:-1" />
<link rel="canonical" href="https://cenal.gob.ve/?page_id=24303" />
<meta property="og:locale" content="es_ES" />
<meta property="og:type" content="article" />
<meta property="og:title" content="II Bienal Nacional de Literatura Apacuana" />
<meta property="og:description" content="Bases El Ministerio del Poder Popular para la Cultura, a través de la Compañía Nacional de Teatro (CNT) y el Centro Nacional del Libro (Cenal) anuncian la convocatoria a la [&hellip;]" />
<meta property="og:url" content="https://cenal.gob.ve/?page_id=24303" />
<meta property="og:site_name" content="Cenal" />
<meta property="article:modified_time" content="2024-08-07T15:31:20+00:00" />
<meta name="twitter:card" content="summary_large_image" />
<meta name="twitter:label1" content="Est. reading time" />
	<meta name="twitter:data1" content="4 minutos" />
<script type="application/ld+json" class="yoast-schema-graph">{"@context":"https://schema.org","@graph":[{"@type":"WebPage","@id":"https://cenal.gob.ve/?page_id=24303","url":"https://cenal.gob.ve/?page_id=24303","name":"II Bienal Nacional de Literatura Apacuana","isPartOf":{"@id":"https://cenal.gob.ve/#website"},"datePublished":"2024-05-23T20:13:45+00:00","dateModified":"2024-08-07T15:31:20+00:00","breadcrumb":{"@id":"https://cenal.gob.ve/?page_id=24303#breadcrumb"},"inLanguage":"es","potentialAction":[{"@type":"ReadAction","target":["https://cenal.gob.ve/?page_id=24303"]}]},{"@type":"BreadcrumbList","@id":"https://cenal.gob.ve/?page_id=24303#breadcrumb","itemListElement":[{"@type":"ListItem","position":1,"name":"Home","item":"https://cenal.gob.ve/"},{"@type":"ListItem","position":2,"name":"II Bienal Nacional de Literatura Apacuana"}]},{"@type":"WebSite","@id":"https://cenal.gob.ve/#website","url":"https://cenal.gob.ve/","name":"Cenal","description":"","publisher":{"@id":"https://cenal.gob.ve/#organization"},"potentialAction":[{"@type":"SearchAction","target":{"@type":"EntryPoint","urlTemplate":"https://cenal.gob.ve/?s={search_term_string}"},"query-input":"required name=search_term_string"}],"inLanguage":"es"},{"@type":"Organization","@id":"https://cenal.gob.ve/#organization","name":"CENAL","url":"https://cenal.gob.ve/","sameAs":[],"logo":{"@type":"ImageObject","inLanguage":"es","@id":"https://cenal.gob.ve/#/schema/logo/image/","url":"https://i0.wp.com/cenal.gob.ve/wp-content/uploads/2022/10/cropped-images.jpg?fit=512%2C512","contentUrl":"https://i0.wp.com/cenal.gob.ve/wp-content/uploads/2022/10/cropped-images.jpg?fit=512%2C512","width":512,"height":512,"caption":"CENAL"},"image":{"@id":"https://cenal.gob.ve/#/schema/logo/image/"}}]}</script>
<!-- / Yoast SEO plugin. -->

Bases El Ministerio del Poder Popular para la Cultura, a través de la Compañía Nacional de Teatro (CNT) y el Centro Nacional del Libro (Cenal) anuncian la convocatoria a la [&hellip;]
