{"id":25133,"date":"2025-02-06T14:20:50","date_gmt":"2025-02-06T18:20:50","guid":{"rendered":"https:\/\/cenal.gob.ve\/?page_id=25133"},"modified":"2025-02-25T13:35:33","modified_gmt":"2025-02-25T17:35:33","slug":"vii-bienal-nacional-de-literatura-antonio-crespo-melendez","status":"publish","type":"page","link":"https:\/\/cenal.gob.ve\/?page_id=25133","title":{"rendered":"VII Bienal Nacional de Literatura Antonio Crespo Mel\u00e9ndez"},"content":{"rendered":"\n<p><strong>BASES<\/strong><\/p>\n\n\n\n<p>El Ministerio del Poder Popular para la Cultura y el Centro Nacional del Libro<br>(Cenal), convocan al concurso de la VII Bienal Nacional de Literatura Antonio<br>Crespo Mel\u00e9ndez, a partir de la publicaci\u00f3n de las presentes bases, para honrar<br>la memoria del periodista y escritor Antonio Crespo Mel\u00e9ndez, en cuya obra se<br>expresa la vida y lucha del pueblo carore\u00f1o.<\/p>\n\n\n\n<ol><li>Se abre la convocatoria de esta edici\u00f3n en la menci\u00f3n CR\u00d3NICA. La tem\u00e1tica es libre.<\/li><li>Podr\u00e1n participar escritoras y escritores venezolanos y extranjeros con residencia en la Rep\u00fablica Bolivariana de Venezuela. No podr\u00e1n participar integrantes del Comit\u00e9 Organizador del concurso ni ganadores de la Bienal Nacional de Literatura Antonio Crespo Mel\u00e9ndez.<\/li><li>Las obras participantes deber\u00e1n ser in\u00e9ditas, que no hayan sido publicadas ni premiadas en otros cert\u00e1menes ni que est\u00e9n en curso su publicaci\u00f3n.<\/li><li>Las obras ser\u00e1n recibidas, \u00fanicamente, por el correo electr\u00f3nico bienalantoniocrespomelendez@cenal.gob.ve a partir de la emisi\u00f3n p\u00fablica de las presentes bases hasta el 15 de agosto.<\/li><li>En tres archivos adjuntos, independientes, se recibir\u00e1n: Archivo A): La obra debe estar en tama\u00f1o carta, letra Times New Roman, tama\u00f1o 12 puntos, espacio 1.5, en formato PDF, firmado bajo seud\u00f3nimo o lema. Archivo B): Debe contener el nombre de la obra, seud\u00f3nimo, y los datos del autor (nombre completo, c\u00e9dula de identidad, lugar de nacimiento, direcci\u00f3n de habitaci\u00f3n, n\u00famero telef\u00f3nico, direcci\u00f3n electr\u00f3nica y breve biograf\u00eda literaria). Archivo C): una fotograf\u00eda actualizada del autor a color o blanco y negro, en formato JPG o PNG.<\/li><li>Se otorgar\u00e1 un premio \u00fanico, que no podr\u00e1 ser compartido. No habr\u00e1 premios honor\u00edficos ni menciones especiales.<\/li><li>El autor o autora de la obra ganadora recibir\u00e1 un premio de ciento cincuenta mil bol\u00edvares (150.000,00 Bs.) otorgado por el Centro Nacional del Libro (Cenal) y la publicaci\u00f3n del libro por Monte \u00c1vila Editores (impreso y digital).<\/li><li>El jurado estar\u00e1 constituido por tres (3) escritores o escritoras de reconocida trayectoria, cuyos nombres se dar\u00e1n a conocer oportunamente. El fallo ser\u00e1 inapelable.<\/li><li>El veredicto de la VII Bienal Nacional de Literatura Antonio Crespo Mel\u00e9ndez se emitir\u00e1 p\u00fablicamente a trav\u00e9s de las redes del Centro Nacional del Libro y su sitio oficial http:\/\/www.cenal.gob.ve.<\/li><li>Lo no previsto en la presente convocatoria ser\u00e1 resuelto a criterio del jurado y el equipo organizador. La participaci\u00f3n en este concurso es libre y gratuita, y supone el conocimiento y aceptaci\u00f3n de las bases.<\/li><\/ol>\n","protected":false},"excerpt":{"rendered":"<p>BASES El Ministerio del Poder Popular para la Cultura y el Centro Nacional del Libro(Cenal), convocan al concurso de la VII Bienal Nacional de Literatura AntonioCrespo Mel\u00e9ndez, a partir de [&hellip;]<\/p>\n","protected":false},"author":10,"featured_media":0,"parent":0,"menu_order":0,"comment_status":"closed","ping_status":"closed","template":"","meta":{"spay_email":""},"yoast_head":"<!-- This site is optimized with the Yoast SEO plugin v19.8 - https:\/\/yoast.com\/wordpress\/plugins\/seo\/ -->\n<title>VII Bienal Nacional de Literatura Antonio Crespo Mel\u00e9ndez<\/title>\n<meta name=\"robots\" content=\"index, follow, max-snippet:-1, max-image-preview:large, max-video-preview:-1\" \/>\n<link rel=\"canonical\" href=\"https:\/\/cenal.gob.ve\/?page_id=25133\" \/>\n<meta property=\"og:locale\" content=\"es_ES\" \/>\n<meta property=\"og:type\" content=\"article\" \/>\n<meta property=\"og:title\" content=\"VII Bienal Nacional de Literatura Antonio Crespo Mel\u00e9ndez\" \/>\n<meta property=\"og:description\" content=\"BASES El Ministerio del Poder Popular para la Cultura y el Centro Nacional del Libro(Cenal), convocan al concurso de la VII Bienal Nacional de Literatura AntonioCrespo Mel\u00e9ndez, a partir de [&hellip;]\" \/>\n<meta property=\"og:url\" content=\"https:\/\/cenal.gob.ve\/?page_id=25133\" \/>\n<meta property=\"og:site_name\" content=\"Cenal\" \/>\n<meta property=\"article:modified_time\" content=\"2025-02-25T17:35:33+00:00\" \/>\n<meta name=\"twitter:card\" content=\"summary_large_image\" \/>\n<meta name=\"twitter:label1\" content=\"Est. reading time\" \/>\n\t<meta name=\"twitter:data1\" content=\"2 minutos\" \/>\n<script type=\"application\/ld+json\" class=\"yoast-schema-graph\">{\"@context\":\"https:\/\/schema.org\",\"@graph\":[{\"@type\":\"WebPage\",\"@id\":\"https:\/\/cenal.gob.ve\/?page_id=25133\",\"url\":\"https:\/\/cenal.gob.ve\/?page_id=25133\",\"name\":\"VII Bienal Nacional de Literatura Antonio Crespo Mel\u00e9ndez\",\"isPartOf\":{\"@id\":\"https:\/\/cenal.gob.ve\/#website\"},\"datePublished\":\"2025-02-06T18:20:50+00:00\",\"dateModified\":\"2025-02-25T17:35:33+00:00\",\"breadcrumb\":{\"@id\":\"https:\/\/cenal.gob.ve\/?page_id=25133#breadcrumb\"},\"inLanguage\":\"es\",\"potentialAction\":[{\"@type\":\"ReadAction\",\"target\":[\"https:\/\/cenal.gob.ve\/?page_id=25133\"]}]},{\"@type\":\"BreadcrumbList\",\"@id\":\"https:\/\/cenal.gob.ve\/?page_id=25133#breadcrumb\",\"itemListElement\":[{\"@type\":\"ListItem\",\"position\":1,\"name\":\"Home\",\"item\":\"https:\/\/cenal.gob.ve\/\"},{\"@type\":\"ListItem\",\"position\":2,\"name\":\"VII Bienal Nacional de Literatura Antonio Crespo Mel\u00e9ndez\"}]},{\"@type\":\"WebSite\",\"@id\":\"https:\/\/cenal.gob.ve\/#website\",\"url\":\"https:\/\/cenal.gob.ve\/\",\"name\":\"Cenal\",\"description\":\"\",\"publisher\":{\"@id\":\"https:\/\/cenal.gob.ve\/#organization\"},\"potentialAction\":[{\"@type\":\"SearchAction\",\"target\":{\"@type\":\"EntryPoint\",\"urlTemplate\":\"https:\/\/cenal.gob.ve\/?s={search_term_string}\"},\"query-input\":\"required name=search_term_string\"}],\"inLanguage\":\"es\"},{\"@type\":\"Organization\",\"@id\":\"https:\/\/cenal.gob.ve\/#organization\",\"name\":\"CENAL\",\"url\":\"https:\/\/cenal.gob.ve\/\",\"sameAs\":[],\"logo\":{\"@type\":\"ImageObject\",\"inLanguage\":\"es\",\"@id\":\"https:\/\/cenal.gob.ve\/#\/schema\/logo\/image\/\",\"url\":\"https:\/\/i0.wp.com\/cenal.gob.ve\/wp-content\/uploads\/2022\/10\/cropped-images.jpg?fit=512%2C512\",\"contentUrl\":\"https:\/\/i0.wp.com\/cenal.gob.ve\/wp-content\/uploads\/2022\/10\/cropped-images.jpg?fit=512%2C512\",\"width\":512,\"height\":512,\"caption\":\"CENAL\"},\"image\":{\"@id\":\"https:\/\/cenal.gob.ve\/#\/schema\/logo\/image\/\"}}]}<\/script>\n<!-- \/ Yoast SEO plugin. -->","yoast_head_json":{"title":"VII Bienal Nacional de Literatura Antonio Crespo Mel\u00e9ndez","robots":{"index":"index","follow":"follow","max-snippet":"max-snippet:-1","max-image-preview":"max-image-preview:large","max-video-preview":"max-video-preview:-1"},"canonical":"https:\/\/cenal.gob.ve\/?page_id=25133","og_locale":"es_ES","og_type":"article","og_title":"VII Bienal Nacional de Literatura Antonio Crespo Mel\u00e9ndez","og_description":"BASES El Ministerio del Poder Popular para la Cultura y el Centro Nacional del Libro(Cenal), convocan al concurso de la VII Bienal Nacional de Literatura AntonioCrespo Mel\u00e9ndez, a partir de [&hellip;]","og_url":"https:\/\/cenal.gob.ve\/?page_id=25133","og_site_name":"Cenal","article_modified_time":"2025-02-25T17:35:33+00:00","twitter_card":"summary_large_image","twitter_misc":{"Est. reading time":"2 minutos"},"schema":{"@context":"https:\/\/schema.org","@graph":[{"@type":"WebPage","@id":"https:\/\/cenal.gob.ve\/?page_id=25133","url":"https:\/\/cenal.gob.ve\/?page_id=25133","name":"VII Bienal Nacional de Literatura Antonio Crespo Mel\u00e9ndez","isPartOf":{"@id":"https:\/\/cenal.gob.ve\/#website"},"datePublished":"2025-02-06T18:20:50+00:00","dateModified":"2025-02-25T17:35:33+00:00","breadcrumb":{"@id":"https:\/\/cenal.gob.ve\/?page_id=25133#breadcrumb"},"inLanguage":"es","potentialAction":[{"@type":"ReadAction","target":["https:\/\/cenal.gob.ve\/?page_id=25133"]}]},{"@type":"BreadcrumbList","@id":"https:\/\/cenal.gob.ve\/?page_id=25133#breadcrumb","itemListElement":[{"@type":"ListItem","position":1,"name":"Home","item":"https:\/\/cenal.gob.ve\/"},{"@type":"ListItem","position":2,"name":"VII Bienal Nacional de Literatura Antonio Crespo Mel\u00e9ndez"}]},{"@type":"WebSite","@id":"https:\/\/cenal.gob.ve\/#website","url":"https:\/\/cenal.gob.ve\/","name":"Cenal","description":"","publisher":{"@id":"https:\/\/cenal.gob.ve\/#organization"},"potentialAction":[{"@type":"SearchAction","target":{"@type":"EntryPoint","urlTemplate":"https:\/\/cenal.gob.ve\/?s={search_term_string}"},"query-input":"required name=search_term_string"}],"inLanguage":"es"},{"@type":"Organization","@id":"https:\/\/cenal.gob.ve\/#organization","name":"CENAL","url":"https:\/\/cenal.gob.ve\/","sameAs":[],"logo":{"@type":"ImageObject","inLanguage":"es","@id":"https:\/\/cenal.gob.ve\/#\/schema\/logo\/image\/","url":"https:\/\/i0.wp.com\/cenal.gob.ve\/wp-content\/uploads\/2022\/10\/cropped-images.jpg?fit=512%2C512","contentUrl":"https:\/\/i0.wp.com\/cenal.gob.ve\/wp-content\/uploads\/2022\/10\/cropped-images.jpg?fit=512%2C512","width":512,"height":512,"caption":"CENAL"},"image":{"@id":"https:\/\/cenal.gob.ve\/#\/schema\/logo\/image\/"}}]}},"jetpack_shortlink":"https:\/\/wp.me\/P5FMhp-6xn","_links":{"self":[{"href":"https:\/\/cenal.gob.ve\/index.php?rest_route=\/wp\/v2\/pages\/25133"}],"collection":[{"href":"https:\/\/cenal.gob.ve\/index.php?rest_route=\/wp\/v2\/pages"}],"about":[{"href":"https:\/\/cenal.gob.ve\/index.php?rest_route=\/wp\/v2\/types\/page"}],"author":[{"embeddable":true,"href":"https:\/\/cenal.gob.ve\/index.php?rest_route=\/wp\/v2\/users\/10"}],"replies":[{"embeddable":true,"href":"https:\/\/cenal.gob.ve\/index.php?rest_route=%2Fwp%2Fv2%2Fcomments&post=25133"}],"version-history":[{"count":4,"href":"https:\/\/cenal.gob.ve\/index.php?rest_route=\/wp\/v2\/pages\/25133\/revisions"}],"predecessor-version":[{"id":25348,"href":"https:\/\/cenal.gob.ve\/index.php?rest_route=\/wp\/v2\/pages\/25133\/revisions\/25348"}],"wp:attachment":[{"href":"https:\/\/cenal.gob.ve\/index.php?rest_route=%2Fwp%2Fv2%2Fmedia&parent=25133"}],"curies":[{"name":"wp","href":"https:\/\/api.w.org\/{rel}","templated":true}]}}

VII Bienal Nacional de Literatura Antonio Crespo Meléndez

<p><strong>BASES</strong></p>



<p>El Ministerio del Poder Popular para la Cultura y el Centro Nacional del Libro<br>(Cenal), convocan al concurso de la VII Bienal Nacional de Literatura Antonio<br>Crespo Meléndez, a partir de la publicación de las presentes bases, para honrar<br>la memoria del periodista y escritor Antonio Crespo Meléndez, en cuya obra se<br>expresa la vida y lucha del pueblo caroreño.</p>



<ol><li>Se abre la convocatoria de esta edición en la mención CRÓNICA. La temática es libre.</li><li>Podrán participar escritoras y escritores venezolanos y extranjeros con residencia en la República Bolivariana de Venezuela. No podrán participar integrantes del Comité Organizador del concurso ni ganadores de la Bienal Nacional de Literatura Antonio Crespo Meléndez.</li><li>Las obras participantes deberán ser inéditas, que no hayan sido publicadas ni premiadas en otros certámenes ni que estén en curso su publicación.</li><li>Las obras serán recibidas, únicamente, por el correo electrónico bienalantoniocrespomelendez@cenal.gob.ve a partir de la emisión pública de las presentes bases hasta el 15 de agosto.</li><li>En tres archivos adjuntos, independientes, se recibirán: Archivo A): La obra debe estar en tamaño carta, letra Times New Roman, tamaño 12 puntos, espacio 1.5, en formato PDF, firmado bajo seudónimo o lema. Archivo B): Debe contener el nombre de la obra, seudónimo, y los datos del autor (nombre completo, cédula de identidad, lugar de nacimiento, dirección de habitación, número telefónico, dirección electrónica y breve biografía literaria). Archivo C): una fotografía actualizada del autor a color o blanco y negro, en formato JPG o PNG.</li><li>Se otorgará un premio único, que no podrá ser compartido. No habrá premios honoríficos ni menciones especiales.</li><li>El autor o autora de la obra ganadora recibirá un premio de ciento cincuenta mil bolívares (150.000,00 Bs.) otorgado por el Centro Nacional del Libro (Cenal) y la publicación del libro por Monte Ávila Editores (impreso y digital).</li><li>El jurado estará constituido por tres (3) escritores o escritoras de reconocida trayectoria, cuyos nombres se darán a conocer oportunamente. El fallo será inapelable.</li><li>El veredicto de la VII Bienal Nacional de Literatura Antonio Crespo Meléndez se emitirá públicamente a través de las redes del Centro Nacional del Libro y su sitio oficial http://www.cenal.gob.ve.</li><li>Lo no previsto en la presente convocatoria será resuelto a criterio del jurado y el equipo organizador. La participación en este concurso es libre y gratuita, y supone el conocimiento y aceptación de las bases.</li></ol>

<p>BASES El Ministerio del Poder Popular para la Cultura y el Centro Nacional del Libro(Cenal), convocan al concurso de la VII Bienal Nacional de Literatura AntonioCrespo Meléndez, a partir de [&hellip;]</p>

<!-- This site is optimized with the Yoast SEO plugin v19.8 - https://yoast.com/wordpress/plugins/seo/ -->
<title>VII Bienal Nacional de Literatura Antonio Crespo Meléndez</title>
<meta name="robots" content="index, follow, max-snippet:-1, max-image-preview:large, max-video-preview:-1" />
<link rel="canonical" href="https://cenal.gob.ve/?page_id=25133" />
<meta property="og:locale" content="es_ES" />
<meta property="og:type" content="article" />
<meta property="og:title" content="VII Bienal Nacional de Literatura Antonio Crespo Meléndez" />
<meta property="og:description" content="BASES El Ministerio del Poder Popular para la Cultura y el Centro Nacional del Libro(Cenal), convocan al concurso de la VII Bienal Nacional de Literatura AntonioCrespo Meléndez, a partir de [&hellip;]" />
<meta property="og:url" content="https://cenal.gob.ve/?page_id=25133" />
<meta property="og:site_name" content="Cenal" />
<meta property="article:modified_time" content="2025-02-25T17:35:33+00:00" />
<meta name="twitter:card" content="summary_large_image" />
<meta name="twitter:label1" content="Est. reading time" />
	<meta name="twitter:data1" content="2 minutos" />
<script type="application/ld+json" class="yoast-schema-graph">{"@context":"https://schema.org","@graph":[{"@type":"WebPage","@id":"https://cenal.gob.ve/?page_id=25133","url":"https://cenal.gob.ve/?page_id=25133","name":"VII Bienal Nacional de Literatura Antonio Crespo Meléndez","isPartOf":{"@id":"https://cenal.gob.ve/#website"},"datePublished":"2025-02-06T18:20:50+00:00","dateModified":"2025-02-25T17:35:33+00:00","breadcrumb":{"@id":"https://cenal.gob.ve/?page_id=25133#breadcrumb"},"inLanguage":"es","potentialAction":[{"@type":"ReadAction","target":["https://cenal.gob.ve/?page_id=25133"]}]},{"@type":"BreadcrumbList","@id":"https://cenal.gob.ve/?page_id=25133#breadcrumb","itemListElement":[{"@type":"ListItem","position":1,"name":"Home","item":"https://cenal.gob.ve/"},{"@type":"ListItem","position":2,"name":"VII Bienal Nacional de Literatura Antonio Crespo Meléndez"}]},{"@type":"WebSite","@id":"https://cenal.gob.ve/#website","url":"https://cenal.gob.ve/","name":"Cenal","description":"","publisher":{"@id":"https://cenal.gob.ve/#organization"},"potentialAction":[{"@type":"SearchAction","target":{"@type":"EntryPoint","urlTemplate":"https://cenal.gob.ve/?s={search_term_string}"},"query-input":"required name=search_term_string"}],"inLanguage":"es"},{"@type":"Organization","@id":"https://cenal.gob.ve/#organization","name":"CENAL","url":"https://cenal.gob.ve/","sameAs":[],"logo":{"@type":"ImageObject","inLanguage":"es","@id":"https://cenal.gob.ve/#/schema/logo/image/","url":"https://i0.wp.com/cenal.gob.ve/wp-content/uploads/2022/10/cropped-images.jpg?fit=512%2C512","contentUrl":"https://i0.wp.com/cenal.gob.ve/wp-content/uploads/2022/10/cropped-images.jpg?fit=512%2C512","width":512,"height":512,"caption":"CENAL"},"image":{"@id":"https://cenal.gob.ve/#/schema/logo/image/"}}]}</script>
<!-- / Yoast SEO plugin. -->

BASES El Ministerio del Poder Popular para la Cultura y el Centro Nacional del Libro(Cenal), convocan al concurso de la VII Bienal Nacional de Literatura AntonioCrespo Meléndez, a partir de [&hellip;]
